{"id":25001,"date":"2018-02-10T08:20:44","date_gmt":"2018-02-10T07:20:44","guid":{"rendered":"https:\/\/opistobranquis.info\/?page_id=25001"},"modified":"2025-06-13T09:38:42","modified_gmt":"2025-06-13T07:38:42","slug":"cylichna-brocchii","status":"publish","type":"page","link":"https:\/\/opistobranquis.info\/ca\/guia\/cephalaspidea\/cylichnoidea\/cylichna-brocchii\/","title":{"rendered":"Cylichna brocchii"},"content":{"rendered":"<p><\/p>\n<h3><em>Cylichna brocchii<\/em> (Michelotti, 1847)<\/h3>\n<p><span style=\"font-size:10pt;\" class=\"aligncenter\"><div id=\"featured-img-id\"><img data-recalc-dims=\"1\" decoding=\"async\" src=\"https:\/\/i0.wp.com\/opistobranquis.info\/wp-content\/uploads\/2018\/02\/Atys-brocchii-%40-Premi%C3%A0-de-Mar-9.05.1989-in-Toll-Ballesteros.-2017.png?w=900&#038;ssl=1\" alt=\"Cylichna brocchii @ Premi\u00e0 de Mar 9.05.1989 (Col. Llu\u00eds Dantart) by Llu\u00eds Toll\" \/><\/div><center><em>Cylichna brocchii @ Premi\u00e0 de Mar 9.05.1989 (Col. Llu\u00eds Dantart)<\/em> per Llu\u00eds Toll<\/center><\/span><p><\/p><p>Error: HTTP 204<\/p><strong>Nota taxon\u00f2mica:\u00a0<\/strong>Esp\u00e8cie considerada f\u00f3ssil per WoRMS, es troba a la llista d&#8217;esp\u00e8cies actuals de Gr\u00e8cia (Koukouras, 2010). Les cites de les costes espanyoles del Maresme son les primeres d&#8217;aquesta esp\u00e8cie per a Ib\u00e8ria.<\/p>\n<p><strong>Sin\u00f2nims<\/strong><\/p>\n<ul>\n<li><em>Bulla brocchii <\/em>Michelotti, 1847<\/li>\n<li><em>Atys brocchii<\/em> (Michelotti, 1847) \u2020<\/li>\n<\/ul>\n<p><strong>Descripci\u00f3<\/strong><\/p>\n<p><strong>Biologia<\/strong><\/p>\n<p><strong>Etimologia<\/strong><\/p>\n<ul>\n<li><em>Brocchii<\/em>. En honor de Giovanni Battista Brocchi (1772-1826), ge\u00f2leg i naturalista itali\u00e0, qui en 1802 va ser nomenat professor de bot\u00e0nica al nou liceu de Brescia, It\u00e0lia.<\/li>\n<\/ul>\n<p><strong>Distribuci\u00f3<br \/>\n<\/strong>Nom\u00e9s trobada a la Mediterr\u00e0nia: com a f\u00f3ssil al tur\u00f3 de Tor\u00ed i a Tortona, It\u00e0lia (Michelotti, 1847:151 com a <em>Bulla brocchii<\/em>). A Gr\u00e8cia es cita com a esp\u00e8cie actual (Koukouras, 2010). A Catalunya en Llu\u00eds Dantart va trobat dues conquilles a la costa del Maresme: a Matar\u00f3 el 5\/05\/1989 sobre un fons de sorra a 10m i a Premi\u00e0 de Mar el 9\/05\/1989 sobre un fons de sorra a 20m (veure Toll et Ballesteros, 2017). <div id=\"flxmap-6a9d4aa21a381\" class='flxmap-container' data-flxmap='flxmap_6a9d4aa21a381' style=\"width:100%;height:400px;\"><\/div>\n<script data-noptimize=\"1\">\n\/* <![CDATA[ *\/\n(function(w, fn) {\n if (w.addEventListener) w.addEventListener(\"DOMContentLoaded\", fn, false);\n else if (w.attachEvent) w.attachEvent(\"onload\", fn);\n})(window, function() {\n var f = new FlexibleMap();\n f.panControl = true;\n f.mapTypeId = \"satellite\";\n f.setlocale(\"ca-ES\");\n f.kmlcache = \"5 minutes\";\n f.showKML(\"flxmap-6a9d4aa21a381\", \"https:\/\/opistobranquis.info\/wp-content\/uploads\/kms\/25001.kmz\");\n window.flxmap_6a9d4aa21a381 = f;\n});\n\/* ]]> *\/\n<\/script>\n<div style=\"width:100%;text-align:center;margin:12px 0 4px 0;\">\n  <div style=\"font-size:8pt;margin-bottom:6px;\">Cites georeferenciades conegudes de l'esp\u00e8cie: <em>Cylichna brocchii<\/em><\/div>\n  <table style=\"margin:0 auto;border-collapse:collapse;font-size:8pt;\">\n    <tr><td colspan=\"2\" style=\"text-align:left;padding-bottom:4px;\"><strong>Fonts:<\/strong><\/td><\/tr>\n    <tr>\n      <td style=\"vertical-align:top;padding-right:40px;\">\n        <table style=\"border-collapse:collapse;\">\n<tr><td style='padding:1px 6px 1px 0;vertical-align:middle'><img data-recalc-dims=\"1\" src=\"https:\/\/i0.wp.com\/opistobranquis.info\/wp-content\/uploads\/kms\/wht-circle-lv.png?w=900&#038;ssl=1\" style='display:block'><\/td><td style='padding:1px 0;vertical-align:middle;white-space:nowrap'>OBIS<\/td><\/tr><tr><td style='padding:1px 6px 1px 0;vertical-align:middle'><img data-recalc-dims=\"1\" src=\"https:\/\/i0.wp.com\/opistobranquis.info\/wp-content\/uploads\/kms\/ylw-circle-lv.png?w=900&#038;ssl=1\" style='display:block'><\/td><td style='padding:1px 0;vertical-align:middle;white-space:nowrap'>GROC 2010-2011<\/td><\/tr><tr><td style='padding:1px 6px 1px 0;vertical-align:middle'><img data-recalc-dims=\"1\" src=\"https:\/\/i0.wp.com\/opistobranquis.info\/wp-content\/uploads\/kms\/grn-circle-lv.png?w=900&#038;ssl=1\" style='display:block'><\/td><td style='padding:1px 0;vertical-align:middle;white-space:nowrap'>Enric Madrenas<\/td><\/tr><tr><td style='padding:1px 6px 1px 0;vertical-align:middle'><img data-recalc-dims=\"1\" src=\"https:\/\/i0.wp.com\/opistobranquis.info\/wp-content\/uploads\/kms\/orange-circle-lv.png?w=900&#038;ssl=1\" style='display:block'><\/td><td style='padding:1px 0;vertical-align:middle;white-space:nowrap'>Jo\u00e3o Pedro Silva<\/td><\/tr><tr><td style='padding:1px 6px 1px 0;vertical-align:middle'><img data-recalc-dims=\"1\" src=\"https:\/\/i0.wp.com\/opistobranquis.info\/wp-content\/uploads\/kms\/pink-circle-lv.png?w=900&#038;ssl=1\" style='display:block'><\/td><td style='padding:1px 0;vertical-align:middle;white-space:nowrap'>Bernard Picton<\/td><\/tr><tr><td style='padding:1px 6px 1px 0;vertical-align:middle'><img data-recalc-dims=\"1\" src=\"https:\/\/i0.wp.com\/opistobranquis.info\/wp-content\/uploads\/kms\/blk-circle-lv.png?w=900&#038;ssl=1\" style='display:block'><\/td><td style='padding:1px 0;vertical-align:middle;white-space:nowrap'>GBIF<\/td><\/tr>        <\/table>\n      <\/td>\n      <td style=\"vertical-align:top;\">\n        <table style=\"border-collapse:collapse;\">\n<tr><td style='padding:1px 6px 1px 0;vertical-align:middle'><img data-recalc-dims=\"1\" src=\"https:\/\/i0.wp.com\/opistobranquis.info\/wp-content\/uploads\/kms\/purple-circle-lv.png?w=900&#038;ssl=1\" style='display:block'><\/td><td style='padding:1px 0;vertical-align:middle;white-space:nowrap'>OPK<\/td><\/tr><tr><td style='padding:1px 6px 1px 0;vertical-align:middle'><img data-recalc-dims=\"1\" src=\"https:\/\/i0.wp.com\/opistobranquis.info\/wp-content\/uploads\/kms\/red-circle-lv.png?w=900&#038;ssl=1\" style='display:block'><\/td><td style='padding:1px 0;vertical-align:middle;white-space:nowrap'>VIMAR<\/td><\/tr><tr><td style='padding:1px 6px 1px 0;vertical-align:middle'><img data-recalc-dims=\"1\" src=\"https:\/\/i0.wp.com\/opistobranquis.info\/wp-content\/uploads\/kms\/blu-circle-lv.png?w=900&#038;ssl=1\" style='display:block'><\/td><td style='padding:1px 0;vertical-align:middle;white-space:nowrap'>Manuel Ballesteros<\/td><\/tr><tr><td style='padding:1px 6px 1px 0;vertical-align:middle'><img data-recalc-dims=\"1\" src=\"https:\/\/i0.wp.com\/opistobranquis.info\/wp-content\/uploads\/kms\/cyan-circle-lv.png?w=900&#038;ssl=1\" style='display:block'><\/td><td style='padding:1px 0;vertical-align:middle;white-space:nowrap'>M@re Nostrum<\/td><\/tr><tr><td style='padding:1px 6px 1px 0;vertical-align:middle'><img data-recalc-dims=\"1\" src=\"https:\/\/i0.wp.com\/opistobranquis.info\/wp-content\/uploads\/kms\/grey-circle-lv.png?w=900&#038;ssl=1\" style='display:block'><\/td><td style='padding:1px 0;vertical-align:middle;white-space:nowrap'>Altres fonts<\/td><\/tr><tr><td style='padding:1px 6px 1px 0;vertical-align:middle'><img data-recalc-dims=\"1\" src=\"https:\/\/i0.wp.com\/opistobranquis.info\/wp-content\/uploads\/kms\/marreg.png?w=900&#038;ssl=1\" style='display:block'><\/td><td style='padding:1px 0;vertical-align:middle;white-space:nowrap'>Marine Regions<\/td><\/tr>        <\/table>\n      <\/td>\n    <\/tr>\n  <\/table>\n<\/div>\n<\/p>\n<p><strong>Error:<\/strong> Chart.js no est\u00e1 disponible.<\/p>\n<p><strong>Altres fotos<\/strong><br \/>\n<ul><span style=\"font-size:10pt\">No tenim (m\u00e9s) fotos de <em>Cylichna brocchii<\/em><\/span><\/ul><\/p>\n<p><p><strong>Bibliografia<\/strong><\/p><ul><div id=\"zotpress-a254445d5375066a7915a1c0dafb8e73\" class=\"zp-Zotpress zp-Zotpress-Bib wp-block-group\">\n\n\t\t<span class=\"ZP_API_USER_ID ZP_ATTR\">1246567<\/span>\n\t\t<span class=\"ZP_ITEM_KEY ZP_ATTR\"><\/span>\n\t\t<span class=\"ZP_COLLECTION_ID ZP_ATTR\"><\/span>\n\t\t<span class=\"ZP_TAG_ID ZP_ATTR\">Cylichna brocchii<\/span>\n\t\t<span class=\"ZP_AUTHOR ZP_ATTR\"><\/span>\n\t\t<span class=\"ZP_YEAR ZP_ATTR\"><\/span>\n        <span class=\"ZP_ITEMTYPE ZP_ATTR\"><\/span>\n\t\t<span class=\"ZP_INCLUSIVE ZP_ATTR\">1<\/span>\n\t\t<span class=\"ZP_STYLE ZP_ATTR\">eunomia-revista-en-cultura-de-la-legalidad<\/span>\n\t\t<span class=\"ZP_LIMIT ZP_ATTR\">50<\/span>\n\t\t<span class=\"ZP_SORTBY ZP_ATTR\">creator<\/span>\n\t\t<span class=\"ZP_ORDER ZP_ATTR\">asc<\/span>\n\t\t<span class=\"ZP_TITLE ZP_ATTR\"><\/span>\n\t\t<span class=\"ZP_SHOWIMAGE ZP_ATTR\"><\/span>\n\t\t<span class=\"ZP_SHOWTAGS ZP_ATTR\"><\/span>\n\t\t<span class=\"ZP_DOWNLOADABLE ZP_ATTR\"><\/span>\n\t\t<span class=\"ZP_NOTES ZP_ATTR\"><\/span>\n\t\t<span class=\"ZP_ABSTRACT ZP_ATTR\"><\/span>\n\t\t<span class=\"ZP_CITEABLE ZP_ATTR\"><\/span>\n\t\t<span class=\"ZP_TARGET ZP_ATTR\">1<\/span>\n\t\t<span class=\"ZP_URLWRAP ZP_ATTR\"><\/span>\n\t\t<span class=\"ZP_FORCENUM ZP_ATTR\"><\/span>\n        <span class=\"ZP_HIGHLIGHT ZP_ATTR\"><\/span>\n        <span class=\"ZP_POSTID ZP_ATTR\">25001<\/span>\n\t\t<span class=\"ZOTPRESS_PLUGIN_URL ZP_ATTR\">https:\/\/opistobranquis.info\/wp-content\/plugins\/zotpress\/<\/span>\n\n\t\t<div class=\"zp-List loading\">\n\t\t\t<div class=\"zp-SEO-Content\">\n\n\t\t\t<\/div><!-- .zp-zp-SEO-Content -->\n\t\t<\/div><!-- .zp-List -->\n\t<\/div><!--.zp-Zotpress-->\n\n<p><\/p>Bibliografia basada en els treballs de <b>Steve Long, 2006<\/b>. <a target=_blank href=https:\/\/opistobranquis.info\/wp-content\/uploads\/2016\/06\/Long-S.-2006-Bibliography-of-Opisthobranchia-1554-2000.pdf>Bibliography of Opisthobranchia 1554-2000<\/a> i <b>Gary McDonald, 2009<\/b>. <a href=http:\/\/escholarship.org\/uc\/item\/8115h0wz>Bibliographia Nudibranchia<\/a>, amb actualitzacions posteriors procedents d\u00b4altres fonts.<p><\/p><\/ul><p><\/p><p><strong>M\u00e9s informaci\u00f3<\/strong><\/p><span style=\"font-size:10pt\"><ul><ul class=\"blogroll-links\"><li><a href=\"https:\/\/www.flickr.com\/search\/?text=Atys%20brocchii\">Flickr pictures<\/a><\/li><li><a href=\"http:\/\/www.irmng.org\/aphia.php?p=taxlist&#038;tName=Atys%20brocchii\">Interim Register of Marine and Nonmarine Genera<\/a><\/li><li><a href=\"https:\/\/marinespecies.org\/aphia.php?p=taxdetails&#038;id=1778602\">World Register of Marine Species<\/a><\/li><\/ul><\/ul><\/span><p><strong>Citeu aquest article com: <\/strong><\/p><div style=\"display: block; background: #444444; padding: 10px 30px 10px 10px; border-radius: 5px; line-height: 18px;\"><p class=\"citacio\"><b>Ballesteros, M., Madrenas, E. &#38; Pontes, M.<\/b> (2025) <em>\"Cylichna brocchii\"<\/em> a <em>OPK-Opistobranquis<\/em>. Publicat: 10\/02\/2018. Accedit: 06\/09\/2026. Disponible a (<a href=https:\/\/opistobranquis.info\/ca\/?p=25001>https:\/\/opistobranquis.info\/ca\/?p=25001<\/a>)<\/p><p><\/p><\/div><p><\/p><\/p>","protected":false},"excerpt":{"rendered":"<p>Cylichna brocchii (Michelotti, 1847) Nota taxon\u00f2mica:\u00a0Esp\u00e8cie considerada f\u00f3ssil per WoRMS, es troba a la llista d&#8217;esp\u00e8cies actuals de Gr\u00e8cia (Koukouras, 2010). Les cites de les costes espanyoles del Maresme son les primeres d&#8217;aquesta esp\u00e8cie per a Ib\u00e8ria. Sin\u00f2nims Bulla brocchii Michelotti, 1847 Atys brocchii (Michelotti, 1847) \u2020 Descripci\u00f3 Biologia Etimologia Brocchii. En honor de Giovanni Battista Brocchi (1772-1826), ge\u00f2leg i naturalista itali\u00e0, qui en 1802 va ser nomenat professor de\u2026<\/p>\n<p class=\"continue-reading-button\"> <a class=\"continue-reading-link\" href=\"https:\/\/opistobranquis.info\/ca\/guia\/cephalaspidea\/cylichnoidea\/cylichna-brocchii\/\">Continua llegint<i class=\"crycon-right-dir\"><\/i><\/a><\/p>\n","protected":false},"author":291,"featured_media":25002,"parent":26136,"menu_order":2100,"comment_status":"closed","ping_status":"closed","template":"","meta":{"footnotes":""},"class_list":["post-25001","page","type-page","status-publish","has-post-thumbnail","hentry"],"jetpack_sharing_enabled":true,"_links":{"self":[{"href":"https:\/\/opistobranquis.info\/ca\/wp-json\/wp\/v2\/pages\/25001","targetHints":{"allow":["GET"]}}],"collection":[{"href":"https:\/\/opistobranquis.info\/ca\/wp-json\/wp\/v2\/pages"}],"about":[{"href":"https:\/\/opistobranquis.info\/ca\/wp-json\/wp\/v2\/types\/page"}],"author":[{"embeddable":true,"href":"https:\/\/opistobranquis.info\/ca\/wp-json\/wp\/v2\/users\/291"}],"replies":[{"embeddable":true,"href":"https:\/\/opistobranquis.info\/ca\/wp-json\/wp\/v2\/comments?post=25001"}],"version-history":[{"count":6,"href":"https:\/\/opistobranquis.info\/ca\/wp-json\/wp\/v2\/pages\/25001\/revisions"}],"predecessor-version":[{"id":46217,"href":"https:\/\/opistobranquis.info\/ca\/wp-json\/wp\/v2\/pages\/25001\/revisions\/46217"}],"up":[{"embeddable":true,"href":"https:\/\/opistobranquis.info\/ca\/wp-json\/wp\/v2\/pages\/26136"}],"wp:featuredmedia":[{"embeddable":true,"href":"https:\/\/opistobranquis.info\/ca\/wp-json\/wp\/v2\/media\/25002"}],"wp:attachment":[{"href":"https:\/\/opistobranquis.info\/ca\/wp-json\/wp\/v2\/media?parent=25001"}],"curies":[{"name":"wp","href":"https:\/\/api.w.org\/{rel}","templated":true}]}}

<p></p>
<h3><em>Cylichna brocchii</em> (Michelotti, 1847)</h3>
<p><span style="font-size:10pt;" class="aligncenter"><div id="featured-img-id"><img data-recalc-dims="1" decoding="async" src="https://i0.wp.com/opistobranquis.info/wp-content/uploads/2018/02/Atys-brocchii-%40-Premi%C3%A0-de-Mar-9.05.1989-in-Toll-Ballesteros.-2017.png?w=900&#038;ssl=1" alt="Cylichna brocchii @ Premià de Mar 9.05.1989 (Col. Lluís Dantart) by Lluís Toll" /></div><center><em>Cylichna brocchii @ Premià de Mar 9.05.1989 (Col. Lluís Dantart)</em> per Lluís Toll</center></span><p></p><p>Error: HTTP 204</p><strong>Nota taxonòmica: </strong>Espècie considerada fóssil per WoRMS, es troba a la llista d&#8217;espècies actuals de Grècia (Koukouras, 2010). Les cites de les costes espanyoles del Maresme son les primeres d&#8217;aquesta espècie per a Ibèria.</p>
<p><strong>Sinònims</strong></p>
<ul>
<li><em>Bulla brocchii </em>Michelotti, 1847</li>
<li><em>Atys brocchii</em> (Michelotti, 1847) †</li>
</ul>
<p><strong>Descripció</strong></p>
<p><strong>Biologia</strong></p>
<p><strong>Etimologia</strong></p>
<ul>
<li><em>Brocchii</em>. En honor de Giovanni Battista Brocchi (1772-1826), geòleg i naturalista italià, qui en 1802 va ser nomenat professor de botànica al nou liceu de Brescia, Itàlia.</li>
</ul>
<p><strong>Distribució<br />
</strong>Només trobada a la Mediterrània: com a fóssil al turó de Torí i a Tortona, Itàlia (Michelotti, 1847:151 com a <em>Bulla brocchii</em>). A Grècia es cita com a espècie actual (Koukouras, 2010). A Catalunya en Lluís Dantart va trobat dues conquilles a la costa del Maresme: a Mataró el 5/05/1989 sobre un fons de sorra a 10m i a Premià de Mar el 9/05/1989 sobre un fons de sorra a 20m (veure Toll et Ballesteros, 2017). <div id="flxmap-6a9d4aa21a381" class='flxmap-container' data-flxmap='flxmap_6a9d4aa21a381' style="width:100%;height:400px;"></div>
<script data-noptimize="1">
/* <![CDATA[ */
(function(w, fn) {
 if (w.addEventListener) w.addEventListener("DOMContentLoaded", fn, false);
 else if (w.attachEvent) w.attachEvent("onload", fn);
})(window, function() {
 var f = new FlexibleMap();
 f.panControl = true;
 f.mapTypeId = "satellite";
 f.setlocale("ca-ES");
 f.kmlcache = "5 minutes";
 f.showKML("flxmap-6a9d4aa21a381", "https://opistobranquis.info/wp-content/uploads/kms/25001.kmz");
 window.flxmap_6a9d4aa21a381 = f;
});
/* ]]> */
</script>
<div style="width:100%;text-align:center;margin:12px 0 4px 0;">
  <div style="font-size:8pt;margin-bottom:6px;">Cites georeferenciades conegudes de l'espècie: <em>Cylichna brocchii</em></div>
  <table style="margin:0 auto;border-collapse:collapse;font-size:8pt;">
    <tr><td colspan="2" style="text-align:left;padding-bottom:4px;"><strong>Fonts:</strong></td></tr>
    <tr>
      <td style="vertical-align:top;padding-right:40px;">
        <table style="border-collapse:collapse;">
<tr><td style='padding:1px 6px 1px 0;vertical-align:middle'><img data-recalc-dims="1" src="https://i0.wp.com/opistobranquis.info/wp-content/uploads/kms/wht-circle-lv.png?w=900&#038;ssl=1" style='display:block'></td><td style='padding:1px 0;vertical-align:middle;white-space:nowrap'>OBIS</td></tr><tr><td style='padding:1px 6px 1px 0;vertical-align:middle'><img data-recalc-dims="1" src="https://i0.wp.com/opistobranquis.info/wp-content/uploads/kms/ylw-circle-lv.png?w=900&#038;ssl=1" style='display:block'></td><td style='padding:1px 0;vertical-align:middle;white-space:nowrap'>GROC 2010-2011</td></tr><tr><td style='padding:1px 6px 1px 0;vertical-align:middle'><img data-recalc-dims="1" src="https://i0.wp.com/opistobranquis.info/wp-content/uploads/kms/grn-circle-lv.png?w=900&#038;ssl=1" style='display:block'></td><td style='padding:1px 0;vertical-align:middle;white-space:nowrap'>Enric Madrenas</td></tr><tr><td style='padding:1px 6px 1px 0;vertical-align:middle'><img data-recalc-dims="1" src="https://i0.wp.com/opistobranquis.info/wp-content/uploads/kms/orange-circle-lv.png?w=900&#038;ssl=1" style='display:block'></td><td style='padding:1px 0;vertical-align:middle;white-space:nowrap'>João Pedro Silva</td></tr><tr><td style='padding:1px 6px 1px 0;vertical-align:middle'><img data-recalc-dims="1" src="https://i0.wp.com/opistobranquis.info/wp-content/uploads/kms/pink-circle-lv.png?w=900&#038;ssl=1" style='display:block'></td><td style='padding:1px 0;vertical-align:middle;white-space:nowrap'>Bernard Picton</td></tr><tr><td style='padding:1px 6px 1px 0;vertical-align:middle'><img data-recalc-dims="1" src="https://i0.wp.com/opistobranquis.info/wp-content/uploads/kms/blk-circle-lv.png?w=900&#038;ssl=1" style='display:block'></td><td style='padding:1px 0;vertical-align:middle;white-space:nowrap'>GBIF</td></tr>        </table>
      </td>
      <td style="vertical-align:top;">
        <table style="border-collapse:collapse;">
<tr><td style='padding:1px 6px 1px 0;vertical-align:middle'><img data-recalc-dims="1" src="https://i0.wp.com/opistobranquis.info/wp-content/uploads/kms/purple-circle-lv.png?w=900&#038;ssl=1" style='display:block'></td><td style='padding:1px 0;vertical-align:middle;white-space:nowrap'>OPK</td></tr><tr><td style='padding:1px 6px 1px 0;vertical-align:middle'><img data-recalc-dims="1" src="https://i0.wp.com/opistobranquis.info/wp-content/uploads/kms/red-circle-lv.png?w=900&#038;ssl=1" style='display:block'></td><td style='padding:1px 0;vertical-align:middle;white-space:nowrap'>VIMAR</td></tr><tr><td style='padding:1px 6px 1px 0;vertical-align:middle'><img data-recalc-dims="1" src="https://i0.wp.com/opistobranquis.info/wp-content/uploads/kms/blu-circle-lv.png?w=900&#038;ssl=1" style='display:block'></td><td style='padding:1px 0;vertical-align:middle;white-space:nowrap'>Manuel Ballesteros</td></tr><tr><td style='padding:1px 6px 1px 0;vertical-align:middle'><img data-recalc-dims="1" src="https://i0.wp.com/opistobranquis.info/wp-content/uploads/kms/cyan-circle-lv.png?w=900&#038;ssl=1" style='display:block'></td><td style='padding:1px 0;vertical-align:middle;white-space:nowrap'>M@re Nostrum</td></tr><tr><td style='padding:1px 6px 1px 0;vertical-align:middle'><img data-recalc-dims="1" src="https://i0.wp.com/opistobranquis.info/wp-content/uploads/kms/grey-circle-lv.png?w=900&#038;ssl=1" style='display:block'></td><td style='padding:1px 0;vertical-align:middle;white-space:nowrap'>Altres fonts</td></tr><tr><td style='padding:1px 6px 1px 0;vertical-align:middle'><img data-recalc-dims="1" src="https://i0.wp.com/opistobranquis.info/wp-content/uploads/kms/marreg.png?w=900&#038;ssl=1" style='display:block'></td><td style='padding:1px 0;vertical-align:middle;white-space:nowrap'>Marine Regions</td></tr>        </table>
      </td>
    </tr>
  </table>
</div>
</p>
<p><strong>Error:</strong> Chart.js no está disponible.</p>
<p><strong>Altres fotos</strong><br />
<ul><span style="font-size:10pt">No tenim (més) fotos de <em>Cylichna brocchii</em></span></ul></p>
<p><p><strong>Bibliografia</strong></p><ul><div id="zotpress-a254445d5375066a7915a1c0dafb8e73" class="zp-Zotpress zp-Zotpress-Bib wp-block-group">

		<span class="ZP_API_USER_ID ZP_ATTR">1246567</span>
		<span class="ZP_ITEM_KEY ZP_ATTR"></span>
		<span class="ZP_COLLECTION_ID ZP_ATTR"></span>
		<span class="ZP_TAG_ID ZP_ATTR">Cylichna brocchii</span>
		<span class="ZP_AUTHOR ZP_ATTR"></span>
		<span class="ZP_YEAR ZP_ATTR"></span>
        <span class="ZP_ITEMTYPE ZP_ATTR"></span>
		<span class="ZP_INCLUSIVE ZP_ATTR">1</span>
		<span class="ZP_STYLE ZP_ATTR">eunomia-revista-en-cultura-de-la-legalidad</span>
		<span class="ZP_LIMIT ZP_ATTR">50</span>
		<span class="ZP_SORTBY ZP_ATTR">creator</span>
		<span class="ZP_ORDER ZP_ATTR">asc</span>
		<span class="ZP_TITLE ZP_ATTR"></span>
		<span class="ZP_SHOWIMAGE ZP_ATTR"></span>
		<span class="ZP_SHOWTAGS ZP_ATTR"></span>
		<span class="ZP_DOWNLOADABLE ZP_ATTR"></span>
		<span class="ZP_NOTES ZP_ATTR"></span>
		<span class="ZP_ABSTRACT ZP_ATTR"></span>
		<span class="ZP_CITEABLE ZP_ATTR"></span>
		<span class="ZP_TARGET ZP_ATTR">1</span>
		<span class="ZP_URLWRAP ZP_ATTR"></span>
		<span class="ZP_FORCENUM ZP_ATTR"></span>
        <span class="ZP_HIGHLIGHT ZP_ATTR"></span>
        <span class="ZP_POSTID ZP_ATTR">25001</span>
		<span class="ZOTPRESS_PLUGIN_URL ZP_ATTR">https://opistobranquis.info/wp-content/plugins/zotpress/</span>

		<div class="zp-List loading">
			<div class="zp-SEO-Content">

			</div><!-- .zp-zp-SEO-Content -->
		</div><!-- .zp-List -->
	</div><!--.zp-Zotpress-->

<p></p>Bibliografia basada en els treballs de <b>Steve Long, 2006</b>. <a target=_blank href=https://opistobranquis.info/wp-content/uploads/2016/06/Long-S.-2006-Bibliography-of-Opisthobranchia-1554-2000.pdf>Bibliography of Opisthobranchia 1554-2000</a> i <b>Gary McDonald, 2009</b>. <a href=http://escholarship.org/uc/item/8115h0wz>Bibliographia Nudibranchia</a>, amb actualitzacions posteriors procedents d´altres fonts.<p></p></ul><p></p><p><strong>Més informació</strong></p><span style="font-size:10pt"><ul><ul class="blogroll-links"><li><a href="https://www.flickr.com/search/?text=Atys%20brocchii">Flickr pictures</a></li><li><a href="http://www.irmng.org/aphia.php?p=taxlist&#038;tName=Atys%20brocchii">Interim Register of Marine and Nonmarine Genera</a></li><li><a href="https://marinespecies.org/aphia.php?p=taxdetails&#038;id=1778602">World Register of Marine Species</a></li></ul></ul></span><p><strong>Citeu aquest article com: </strong></p><div style="display: block; background: #444444; padding: 10px 30px 10px 10px; border-radius: 5px; line-height: 18px;"><p class="citacio"><b>Ballesteros, M., Madrenas, E. &#38; Pontes, M.</b> (2025) <em>"Cylichna brocchii"</em> a <em>OPK-Opistobranquis</em>. Publicat: 10/02/2018. Accedit: 06/09/2026. Disponible a (<a href=https://opistobranquis.info/ca/?p=25001>https://opistobranquis.info/ca/?p=25001</a>)</p><p></p></div><p></p></p>

<p>Cylichna brocchii (Michelotti, 1847) Nota taxonòmica: Espècie considerada fóssil per WoRMS, es troba a la llista d&#8217;espècies actuals de Grècia (Koukouras, 2010). Les cites de les costes espanyoles del Maresme son les primeres d&#8217;aquesta espècie per a Ibèria. Sinònims Bulla brocchii Michelotti, 1847 Atys brocchii (Michelotti, 1847) † Descripció Biologia Etimologia Brocchii. En honor de Giovanni Battista Brocchi (1772-1826), geòleg i naturalista italià, qui en 1802 va ser nomenat professor de…</p>
<p class="continue-reading-button"> <a class="continue-reading-link" href="https://opistobranquis.info/ca/guia/cephalaspidea/cylichnoidea/cylichna-brocchii/">Continua llegint<i class="crycon-right-dir"></i></a></p>
