{"id":34197,"date":"2022-05-23T21:50:32","date_gmt":"2022-05-23T19:50:32","guid":{"rendered":"https:\/\/opistobranquis.info\/?page_id=34197"},"modified":"2025-10-29T14:40:08","modified_gmt":"2025-10-29T13:40:08","slug":"architectonicoidea","status":"publish","type":"page","link":"https:\/\/opistobranquis.info\/es\/guia\/architectonicoidea\/","title":{"rendered":"Architectonicoidea"},"content":{"rendered":"<p>Situados dentro del grupo informal Heterobranchia basales, los Architectonicoidea forman un grupo de caracoles marinos, con categor\u00eda de Superfamilia, con conchas enrolladas en espiral, a menudo ornamentadas, que se categorizan como Heterobranquios por heterostrofia, la morfolog\u00eda de los espermatozoides y del osfradio, as\u00ed como por determinadas caracter\u00edsticas gen\u00e9ticas.<\/p>\n<p><span style=\"font-size:10pt;\" class=\"aligncenter\"><div id=\"featured-img-id\"><img data-recalc-dims=\"1\" decoding=\"async\" src=\"https:\/\/i0.wp.com\/opistobranquis.info\/wp-content\/uploads\/2022\/05\/Heliacus-fallaciosus-%40-Eivissa-Spain-by-Joan-Pereyra.jpg?w=900&#038;ssl=1\" alt=\"Heliacus fallaciosus @ Eivissa, Spain May, 2022\" \/><\/div><center><em>Heliacus fallaciosus @ Eivissa, Spain May, 2022<\/em> por Joan Pereyra<\/center><\/span><p><\/p>La mayor\u00eda son de peque\u00f1o tama\u00f1o, de costumbres bent\u00f3nicas, que viven bajo piedras en el submareal, pero tambi\u00e9n en microh\u00e1bitats especializados. Su clasificaci\u00f3n filogen\u00e9tica a\u00fan no estaba resuelta en 2018, pero existen varios estudios en curso.<\/p>\n<p>El orden Architectonicida (equivalente a la Superfamilia Architectonicoidea <em>sensu lato<\/em>) comparten las caracter\u00edsticas mencionadas de ser caracoles bent\u00f3nicos con la concha en espiral muy aplanada, que suelen estar pigmentados de color marr\u00f3n y ornamentados. Disponen de un morro y un pie ancho y bifido, y un par de tent\u00e1culos anchos y alargados en la cabeza. El grupo tiene 3 familias a nivel mundial, todas ellas presentes en aguas europeas.<\/p>\n<h4>Taxonomia de los Architectonicoidea<\/h4>\n<p><strong>Architectonicoidea J. E. Gray, 1850<\/strong><\/p>\n<ul>\n<li>Architectonicidae J. E. Gray, 1850\n<ul>\n<li><em>Adelphotectonica<\/em>\u00a0Bieler, 1987<\/li>\n<li><em>Architectonica<\/em>\u00a0R\u00f6ding, 1798<\/li>\n<li><em>Basisulcata<\/em>\u00a0Melone &amp; Taviani, 1985<\/li>\n<li><em>Discotectonica<\/em>\u00a0Marwick, 1931<\/li>\n<li><em>Granosolarium<\/em>\u00a0Sacco, 1892<\/li>\n<li><em>Heliacus<\/em>\u00a0A. d&#8217;Orbigny, 1842<\/li>\n<li><em>Philippia<\/em>\u00a0Gray, 1847<\/li>\n<li><em>Pseudomalaxis<\/em>\u00a0P. Fischer, 1885<\/li>\n<li><em>Pseudotorinia<\/em>\u00a0Sacco, 1892<\/li>\n<li><em>Psilaxis<\/em>\u00a0Woodring, 1928<\/li>\n<li><em>Solatisonax<\/em>\u00a0Iredale, 1931<\/li>\n<li><em>Spirolaxis<\/em>\u00a0Monterosato, 1913<\/li>\n<\/ul>\n<\/li>\n<\/ul>\n<p>Especies de <strong>Architectonicoidea<\/strong> citadas en el Mar Mediterr\u00e1neo o en la Pen\u00ednsula Ib\u00e9rica:<\/p>\n\r\n    <div\r\n        class=\"autonav-grid autonav-columns-3\"\r\n    >\r\n\r\n        \r\n            \r\n            <article class=\"autonav-card\">\r\n\r\n                <a href=\"https:\/\/opistobranquis.info\/es\/guia\/architectonicoidea\/heliacus-fallaciosus\/\">\r\n\r\n                    \r\n                        <div class=\"autonav-image\">\r\n\r\n                            <img decoding=\"async\" width=\"900\" height=\"600\" src=\"https:\/\/i0.wp.com\/opistobranquis.info\/wp-content\/uploads\/2022\/05\/Heliacus-fallaciosus-3-%40-Eivissa-Spain-by-Joan-Pereyra.jpg?fit=900%2C600&amp;ssl=1\" class=\"autonav-thumb\" alt=\"Heliacus fallaciosus @ Eivissa, Spain May, 2022\" loading=\"lazy\" data-attachment-id=\"34208\" data-permalink=\"https:\/\/opistobranquis.info\/es\/guia\/architectonicoidea\/heliacus-fallaciosus\/heliacus-fallaciosus-3-eivissa-spain-by-joan-pereyra\/\" data-orig-file=\"https:\/\/i0.wp.com\/opistobranquis.info\/wp-content\/uploads\/2022\/05\/Heliacus-fallaciosus-3-%40-Eivissa-Spain-by-Joan-Pereyra.jpg?fit=1500%2C1000&amp;ssl=1\" data-orig-size=\"1500,1000\" data-comments-opened=\"0\" data-image-title=\"Heliacus fallaciosus @ Eivissa, Spain May, 2022\" data-image-description=\"&lt;p&gt;Heliacus fallaciosus @ Eivissa, Spain May, 2022&lt;\/p&gt;\n\" data-image-caption=\"&lt;p&gt;Heliacus fallaciosus @ Eivissa, Spain May, 2022&lt;\/p&gt;\n\" data-large-file=\"https:\/\/i0.wp.com\/opistobranquis.info\/wp-content\/uploads\/2022\/05\/Heliacus-fallaciosus-3-%40-Eivissa-Spain-by-Joan-Pereyra.jpg?fit=900%2C600&amp;ssl=1\" \/>\r\n                        <\/div>\r\n\r\n                    \r\n                    <div class=\"autonav-content\">\r\n\r\n                        <h3>\r\n                            Heliacus fallaciosus                        <\/h3>\r\n\r\n                    <\/div>\r\n\r\n                <\/a>\r\n\r\n            <\/article>\r\n\r\n        \r\n    <\/div>\r\n\r\n    \n<p><strong>Bibliograf\u00eda<\/strong><\/p><ul><div id=\"zotpress-7a053091fabef35b0357942b2e2bcb6d\" class=\"zp-Zotpress zp-Zotpress-Bib wp-block-group\">\n\n\t\t<span class=\"ZP_API_USER_ID ZP_ATTR\">1246567<\/span>\n\t\t<span class=\"ZP_ITEM_KEY ZP_ATTR\"><\/span>\n\t\t<span class=\"ZP_COLLECTION_ID ZP_ATTR\"><\/span>\n\t\t<span class=\"ZP_TAG_ID ZP_ATTR\">Architectonicoidea<\/span>\n\t\t<span class=\"ZP_AUTHOR ZP_ATTR\"><\/span>\n\t\t<span class=\"ZP_YEAR ZP_ATTR\"><\/span>\n        <span class=\"ZP_ITEMTYPE ZP_ATTR\"><\/span>\n\t\t<span class=\"ZP_INCLUSIVE ZP_ATTR\">1<\/span>\n\t\t<span class=\"ZP_STYLE ZP_ATTR\">eunomia-revista-en-cultura-de-la-legalidad<\/span>\n\t\t<span class=\"ZP_LIMIT ZP_ATTR\">50<\/span>\n\t\t<span class=\"ZP_SORTBY ZP_ATTR\">creator<\/span>\n\t\t<span class=\"ZP_ORDER ZP_ATTR\">asc<\/span>\n\t\t<span class=\"ZP_TITLE ZP_ATTR\"><\/span>\n\t\t<span class=\"ZP_SHOWIMAGE ZP_ATTR\"><\/span>\n\t\t<span class=\"ZP_SHOWTAGS ZP_ATTR\"><\/span>\n\t\t<span class=\"ZP_DOWNLOADABLE ZP_ATTR\"><\/span>\n\t\t<span class=\"ZP_NOTES ZP_ATTR\"><\/span>\n\t\t<span class=\"ZP_ABSTRACT ZP_ATTR\"><\/span>\n\t\t<span class=\"ZP_CITEABLE ZP_ATTR\"><\/span>\n\t\t<span class=\"ZP_TARGET ZP_ATTR\">1<\/span>\n\t\t<span class=\"ZP_URLWRAP ZP_ATTR\"><\/span>\n\t\t<span class=\"ZP_FORCENUM ZP_ATTR\"><\/span>\n        <span class=\"ZP_HIGHLIGHT ZP_ATTR\"><\/span>\n        <span class=\"ZP_POSTID ZP_ATTR\">34197<\/span>\n\t\t<span class=\"ZOTPRESS_PLUGIN_URL ZP_ATTR\">https:\/\/opistobranquis.info\/wp-content\/plugins\/zotpress\/<\/span>\n\n\t\t<div class=\"zp-List loading\">\n\t\t\t<div class=\"zp-SEO-Content\">\n\n\t\t\t<\/div><!-- .zp-zp-SEO-Content -->\n\t\t<\/div><!-- .zp-List -->\n\t<\/div><!--.zp-Zotpress-->\n\n<p><\/p>Bibliograf\u00eda basada en los trabajos de <b>Steve Long, 2006<\/b>. <a target=_blank href=https:\/\/opistobranquis.info\/wp-content\/uploads\/2016\/06\/Long-S.-2006-Bibliography-of-Opisthobranchia-1554-2000.pdf>Bibliography of Opisthobranchia 1554-2000<\/a> y <b>Gary McDonald, 2009<\/b>. <a href=http:\/\/escholarship.org\/uc\/item\/8115h0wz>Bibliographia Nudibranchia<\/a>, con actualizaciones posteriores procedentes de otras fuentes.<p><\/p><\/ul><p><\/p><\/p>","protected":false},"excerpt":{"rendered":"<p>Situados dentro del grupo informal Heterobranchia basales, los Architectonicoidea forman un grupo de caracoles marinos, con categor\u00eda de Superfamilia, con conchas enrolladas en espiral, a menudo ornamentadas, que se categorizan como Heterobranquios por heterostrofia, la morfolog\u00eda de los espermatozoides y del osfradio, as\u00ed como por determinadas caracter\u00edsticas gen\u00e9ticas. La mayor\u00eda son de peque\u00f1o tama\u00f1o, de costumbres bent\u00f3nicas, que viven bajo piedras en el submareal, pero tambi\u00e9n en microh\u00e1bitats especializados. Su\u2026<\/p>\n<p class=\"continue-reading-button\"> <a class=\"continue-reading-link\" href=\"https:\/\/opistobranquis.info\/es\/guia\/architectonicoidea\/\">Sigue leyendo<i class=\"crycon-right-dir\"><\/i><\/a><\/p>\n","protected":false},"author":5,"featured_media":34198,"parent":185,"menu_order":1022,"comment_status":"closed","ping_status":"closed","template":"","meta":{"footnotes":""},"class_list":["post-34197","page","type-page","status-publish","has-post-thumbnail","hentry"],"jetpack_sharing_enabled":true,"_links":{"self":[{"href":"https:\/\/opistobranquis.info\/es\/wp-json\/wp\/v2\/pages\/34197","targetHints":{"allow":["GET"]}}],"collection":[{"href":"https:\/\/opistobranquis.info\/es\/wp-json\/wp\/v2\/pages"}],"about":[{"href":"https:\/\/opistobranquis.info\/es\/wp-json\/wp\/v2\/types\/page"}],"author":[{"embeddable":true,"href":"https:\/\/opistobranquis.info\/es\/wp-json\/wp\/v2\/users\/5"}],"replies":[{"embeddable":true,"href":"https:\/\/opistobranquis.info\/es\/wp-json\/wp\/v2\/comments?post=34197"}],"version-history":[{"count":6,"href":"https:\/\/opistobranquis.info\/es\/wp-json\/wp\/v2\/pages\/34197\/revisions"}],"predecessor-version":[{"id":47746,"href":"https:\/\/opistobranquis.info\/es\/wp-json\/wp\/v2\/pages\/34197\/revisions\/47746"}],"up":[{"embeddable":true,"href":"https:\/\/opistobranquis.info\/es\/wp-json\/wp\/v2\/pages\/185"}],"wp:featuredmedia":[{"embeddable":true,"href":"https:\/\/opistobranquis.info\/es\/wp-json\/wp\/v2\/media\/34198"}],"wp:attachment":[{"href":"https:\/\/opistobranquis.info\/es\/wp-json\/wp\/v2\/media?parent=34197"}],"curies":[{"name":"wp","href":"https:\/\/api.w.org\/{rel}","templated":true}]}}

<p>Situados dentro del grupo informal Heterobranchia basales, los Architectonicoidea forman un grupo de caracoles marinos, con categoría de Superfamilia, con conchas enrolladas en espiral, a menudo ornamentadas, que se categorizan como Heterobranquios por heterostrofia, la morfología de los espermatozoides y del osfradio, así como por determinadas características genéticas.</p>
<p><span style="font-size:10pt;" class="aligncenter"><div id="featured-img-id"><img data-recalc-dims="1" decoding="async" src="https://i0.wp.com/opistobranquis.info/wp-content/uploads/2022/05/Heliacus-fallaciosus-%40-Eivissa-Spain-by-Joan-Pereyra.jpg?w=900&#038;ssl=1" alt="Heliacus fallaciosus @ Eivissa, Spain May, 2022" /></div><center><em>Heliacus fallaciosus @ Eivissa, Spain May, 2022</em> por Joan Pereyra</center></span><p></p>La mayoría son de pequeño tamaño, de costumbres bentónicas, que viven bajo piedras en el submareal, pero también en microhábitats especializados. Su clasificación filogenética aún no estaba resuelta en 2018, pero existen varios estudios en curso.</p>
<p>El orden Architectonicida (equivalente a la Superfamilia Architectonicoidea <em>sensu lato</em>) comparten las características mencionadas de ser caracoles bentónicos con la concha en espiral muy aplanada, que suelen estar pigmentados de color marrón y ornamentados. Disponen de un morro y un pie ancho y bifido, y un par de tentáculos anchos y alargados en la cabeza. El grupo tiene 3 familias a nivel mundial, todas ellas presentes en aguas europeas.</p>
<h4>Taxonomia de los Architectonicoidea</h4>
<p><strong>Architectonicoidea J. E. Gray, 1850</strong></p>
<ul>
<li>Architectonicidae J. E. Gray, 1850
<ul>
<li><em>Adelphotectonica</em> Bieler, 1987</li>
<li><em>Architectonica</em> Röding, 1798</li>
<li><em>Basisulcata</em> Melone &amp; Taviani, 1985</li>
<li><em>Discotectonica</em> Marwick, 1931</li>
<li><em>Granosolarium</em> Sacco, 1892</li>
<li><em>Heliacus</em> A. d&#8217;Orbigny, 1842</li>
<li><em>Philippia</em> Gray, 1847</li>
<li><em>Pseudomalaxis</em> P. Fischer, 1885</li>
<li><em>Pseudotorinia</em> Sacco, 1892</li>
<li><em>Psilaxis</em> Woodring, 1928</li>
<li><em>Solatisonax</em> Iredale, 1931</li>
<li><em>Spirolaxis</em> Monterosato, 1913</li>
</ul>
</li>
</ul>
<p>Especies de <strong>Architectonicoidea</strong> citadas en el Mar Mediterráneo o en la Península Ibérica:</p>

    <div
        class="autonav-grid autonav-columns-3"
    >

        
            
            <article class="autonav-card">

                <a href="https://opistobranquis.info/es/guia/architectonicoidea/heliacus-fallaciosus/">

                    
                        <div class="autonav-image">

                            <img decoding="async" width="900" height="600" src="https://i0.wp.com/opistobranquis.info/wp-content/uploads/2022/05/Heliacus-fallaciosus-3-%40-Eivissa-Spain-by-Joan-Pereyra.jpg?fit=900%2C600&amp;ssl=1" class="autonav-thumb" alt="Heliacus fallaciosus @ Eivissa, Spain May, 2022" loading="lazy" data-attachment-id="34208" data-permalink="https://opistobranquis.info/es/guia/architectonicoidea/heliacus-fallaciosus/heliacus-fallaciosus-3-eivissa-spain-by-joan-pereyra/" data-orig-file="https://i0.wp.com/opistobranquis.info/wp-content/uploads/2022/05/Heliacus-fallaciosus-3-%40-Eivissa-Spain-by-Joan-Pereyra.jpg?fit=1500%2C1000&amp;ssl=1" data-orig-size="1500,1000" data-comments-opened="0" data-image-title="Heliacus fallaciosus @ Eivissa, Spain May, 2022" data-image-description="&lt;p&gt;Heliacus fallaciosus @ Eivissa, Spain May, 2022&lt;/p&gt;
" data-image-caption="&lt;p&gt;Heliacus fallaciosus @ Eivissa, Spain May, 2022&lt;/p&gt;
" data-large-file="https://i0.wp.com/opistobranquis.info/wp-content/uploads/2022/05/Heliacus-fallaciosus-3-%40-Eivissa-Spain-by-Joan-Pereyra.jpg?fit=900%2C600&amp;ssl=1" />
                        </div>

                    
                    <div class="autonav-content">

                        <h3>
                            Heliacus fallaciosus                        </h3>

                    </div>

                </a>

            </article>

        
    </div>

    
<p><strong>Bibliografía</strong></p><ul><div id="zotpress-7a053091fabef35b0357942b2e2bcb6d" class="zp-Zotpress zp-Zotpress-Bib wp-block-group">

		<span class="ZP_API_USER_ID ZP_ATTR">1246567</span>
		<span class="ZP_ITEM_KEY ZP_ATTR"></span>
		<span class="ZP_COLLECTION_ID ZP_ATTR"></span>
		<span class="ZP_TAG_ID ZP_ATTR">Architectonicoidea</span>
		<span class="ZP_AUTHOR ZP_ATTR"></span>
		<span class="ZP_YEAR ZP_ATTR"></span>
        <span class="ZP_ITEMTYPE ZP_ATTR"></span>
		<span class="ZP_INCLUSIVE ZP_ATTR">1</span>
		<span class="ZP_STYLE ZP_ATTR">eunomia-revista-en-cultura-de-la-legalidad</span>
		<span class="ZP_LIMIT ZP_ATTR">50</span>
		<span class="ZP_SORTBY ZP_ATTR">creator</span>
		<span class="ZP_ORDER ZP_ATTR">asc</span>
		<span class="ZP_TITLE ZP_ATTR"></span>
		<span class="ZP_SHOWIMAGE ZP_ATTR"></span>
		<span class="ZP_SHOWTAGS ZP_ATTR"></span>
		<span class="ZP_DOWNLOADABLE ZP_ATTR"></span>
		<span class="ZP_NOTES ZP_ATTR"></span>
		<span class="ZP_ABSTRACT ZP_ATTR"></span>
		<span class="ZP_CITEABLE ZP_ATTR"></span>
		<span class="ZP_TARGET ZP_ATTR">1</span>
		<span class="ZP_URLWRAP ZP_ATTR"></span>
		<span class="ZP_FORCENUM ZP_ATTR"></span>
        <span class="ZP_HIGHLIGHT ZP_ATTR"></span>
        <span class="ZP_POSTID ZP_ATTR">34197</span>
		<span class="ZOTPRESS_PLUGIN_URL ZP_ATTR">https://opistobranquis.info/wp-content/plugins/zotpress/</span>

		<div class="zp-List loading">
			<div class="zp-SEO-Content">

			</div><!-- .zp-zp-SEO-Content -->
		</div><!-- .zp-List -->
	</div><!--.zp-Zotpress-->

<p></p>Bibliografía basada en los trabajos de <b>Steve Long, 2006</b>. <a target=_blank href=https://opistobranquis.info/wp-content/uploads/2016/06/Long-S.-2006-Bibliography-of-Opisthobranchia-1554-2000.pdf>Bibliography of Opisthobranchia 1554-2000</a> y <b>Gary McDonald, 2009</b>. <a href=http://escholarship.org/uc/item/8115h0wz>Bibliographia Nudibranchia</a>, con actualizaciones posteriores procedentes de otras fuentes.<p></p></ul><p></p></p>

<p>Situados dentro del grupo informal Heterobranchia basales, los Architectonicoidea forman un grupo de caracoles marinos, con categoría de Superfamilia, con conchas enrolladas en espiral, a menudo ornamentadas, que se categorizan como Heterobranquios por heterostrofia, la morfología de los espermatozoides y del osfradio, así como por determinadas características genéticas. La mayoría son de pequeño tamaño, de costumbres bentónicas, que viven bajo piedras en el submareal, pero también en microhábitats especializados. Su…</p>
<p class="continue-reading-button"> <a class="continue-reading-link" href="https://opistobranquis.info/es/guia/architectonicoidea/">Sigue leyendo<i class="crycon-right-dir"></i></a></p>
